ommon factor of i and 5428?
92
Let y(b) = 2*b**3 + 40 + 5*b - b + 8*b**2 - 8*b - 3*b**3. Let w be y(8). What is the highest common divisor of w and 100?
4
Suppose -7*x - 1443 = -1926. Suppose -5*t = 1601 - 6086. Calculate the greatest common divisor of x and t.
69
Let f(s) = -s**2 + 51*s - 642. Let u be f(26). Let w = 0 + 4. Suppose -3*v - 2*l + 120 = 0, 4*v + l = w*l + 160. What is the greatest common divisor of v and u?
8
Let g(c) = 10*c**2 - 1070*c - 408. Let w be g(112). Calculate the greatest common divisor of w and 413.
59
Let q = -6162 - -7130. What is the highest common factor of 264 and q?
88
Suppose -3*j = 3, -3*p + 3*j + 93 = -0*j. Let k be 26/(-10) - 2/5. Let u be 21 + -9 + (k - -1). Calculate the highest common divisor of u and p.
10
Suppose 479*c - 20254 = 466*c. What is the highest common divisor of 152 and c?
38
Let s(i) = -13*i + 2*i + 4*i + 5 + 12*i + i**2. Let b be s(0). Suppose 0*x - b*j + 5 = -x, -j = -3. Calculate the greatest common divisor of 70 and x.
10
Suppose -98 = -9*y + 217. Suppose 2*i - 474 = 2*r, -3*i = 4*r - y - 697. What is the highest common divisor of 180 and i?
60
Let d be 54/6 + (17 - -268). Calculate the greatest common divisor of 609 and d.
21
Let q be (-2)/7 + ((-31824)/(-28))/2. Let c = 813 - q. What is the greatest common divisor of c and 70?
35
Let q be 9/((-405)/6) + (-25114)/(-30). Let x = q - 776. What is the greatest common divisor of 61 and x?
61
Let h be (-1 - (-702)/8)*4. Let g = h - 177. Suppose -25*n + 46 = -379. What is the highest common factor of n and g?
17
Let l = 1323 - 1288. What is the greatest common divisor of 5215 and l?
35
Let j(t) = -46*t + 70*t - 34*t - 20. Let x be j(-5). Calculate the greatest common factor of 330 and x.
30
Let l = 465 - 380. Suppose 96*h = l*h + 15257. Calculate the highest common factor of h and 19.
19
Let j be (-218)/(-3 + 176/64). Calculate the greatest common factor of 1090 and j.
218
Suppose -3*k + 9 = -b, 3*k + 7*b = 2*b + 27. Suppose -2*c - 6*p = -4*p - 478, 4*c - 964 = k*p. What is the greatest common factor of c and 24?
24
Suppose -3*c = -41*c + 237 + 181. What is the greatest common divisor of 3729 and c?
11
Let h = -25179 - -25219. Suppose -t + 8 = -4*s, 4*t - 7 = 2*s - 3. Let q be 41/4 - s/(-8). What is the highest common divisor of q and h?
10
Suppose -1346 = -413*b + 390*b + 2932. What is the greatest common divisor of 78 and b?
6
Let f(v) = v**2 + 17*v + 2. Let d be f(-17). Suppose 18 = -d*p + 3*p. Suppose -7*m = p - 942. Calculate the greatest common factor of m and 12.
12
Let w = -4 + -90. Let m = -196 - -140. Let g = m - w. Calculate the highest common divisor of g and 190.
38
Let f = 8184 - 7860. What is the greatest common divisor of 20 and f?
4
Suppose -4*l = 3464 - 17576. Suppose -21*i = -3*i - l. Let o(j) = 15*j - 2. Let b be o(2). What is the greatest common divisor of b and i?
28
Suppose 5*t - k - 209 = 362, 2 = -2*k. Let l = t - 4. Calculate the greatest common factor of l and 88.
22
Let q = -251 + 245. Let l(j) = -15*j + 4. Let g be l(q). What is the greatest common divisor of g and 141?
47
Let l = 6407 + -6327. Calculate the greatest common factor of l and 1010.
10
Let f(k) = -k**2 + 8*k - 3. Let s be (3/(-16)*12)/(6/(-16)). Let u be f(s). What is the highest common factor of 27 and u?
9
Suppose 75*s = 60*s + 21780. Calculate the highest common divisor of s and 528.
132
Let c = 101 + -69. Let g = c + -27. Suppose -3*w + 120 = -0. Calculate the greatest common divisor of g and w.
5
Let u(o) = -o**3 + 10*o**2 + o + 1. Let x be u(10). Let y = x + 51. Suppose -12 + y = 5*j. What is the greatest common divisor of 50 and j?
10
Suppose v = -2*b + 130, 44*v = 47*v + 3*b - 393. What is the highest common factor of 110 and v?
22
Let s(i) = -19*i - 1 - 2 + 5*i. Let l be s(-5). Suppose -a + l = 2*k, -4*k + k = 3*a - 102. What is the greatest common divisor of k and 44?
11
Suppose 0 = -9*d + 6*d - 2*h + 1528, -2*d + 1020 = h. What is the highest common factor of d and 352?
32
Let x be 14/2 + 1771/(-7). Let b = x - -302. Calculate the greatest common factor of b and 136.
8
Let y = 5 - 38. Let z(j) = -j**3 - 8*j**2 + 2. Let w be z(-7). Let g = y - w. What is the greatest common factor of g and 98?
14
Let j be 760/50 + (-4)/(-5). Let k be ((-8)/j)/(1/14). Let o be k/((-63)/(-1200))*(-12)/10. What is the highest common divisor of 40 and o?
40
Suppose -w + 8*v + 1467 = 5*v, 3*w - 4371 = 3*v. Suppose -4*n - 120 = -w. Calculate the highest common divisor of 37 and n.
37
Suppose 8*x - 11787 = 53. What is the highest common factor of x and 40?
40
Let p(i) = -i**2 - 2*i + 3. Let d be p(-3). Let r(o) = 12*o + 182. Let g be r(d). Suppose -4*s - 55 + 159 = 0. What is the highest common factor of s and g?
26
Suppose -267 = 3*n - 6*n + 5*g, 4*g = -5*n + 371. Calculate the highest common divisor of n and 5293.
79
Suppose -7*m = -8*m - 3*t + 921, 0 = 2*m + 4*t - 1852. Suppose -276 + m = 5*b. What is the greatest common divisor of 11 and b?
11
Suppose -4*u + 89 + 55 = 0. Let c = u - 10. Let r(q) = -16*q + 14. Let g be r(-4). What is the greatest common factor of c and g?
26
Suppose 10673 = 4*x - 2*j - 5579, -3*x + 3*j = -12177. Calculate the highest common divisor of 14 and x.
7
Suppose q - 6*j - 5 = -j, -3*j - 3 = 5*q. Suppose -7*a - 282 + 2053 = q. Calculate the highest common divisor of a and 11.
11
Suppose -77*j + 176*j - 66*j - 6006 = 0. What is the highest common divisor of j and 658?
14
Let h be 2/(2/(-195)*-5) - 1. Suppose h + 234 = 16*u. Let j(l) = -l**3 + 12*l**2 - 5*l + 3. Let c be j(5). What is the highest common divisor of c and u?
17
Let a be (-4)/6*-45*(-1)/(-6)*4. Let p = 225 - 135. What is the greatest common factor of a and p?
10
Suppose 104*w - 26*w - 670344 = -58*w. Calculate the greatest common factor of w and 636.
159
Let l(w) = 24 - 3*w - 3 - 30 - 36. Let q be l(-15). Let y be -6 + 3 + 10/(1 - q). What is the greatest common factor of y and 35?
7
Let s(o) = o**3 - 64*o**2 - 131*o + 6. Let u be s(66). Calculate the greatest common divisor of 11232 and u.
72
Let u = 1882 + -1858. Suppose -18 = -2*o - 4*b, -4*b - 3 = -6*o + o. Calculate the greatest common divisor of u and o.
3
Suppose -6*h + 42 = -3*h. Let w(y) = 1415*y - 52103. Let t be w(37). Calculate the greatest common divisor of t and h.
14
Let b(a) = 24 + 2*a - 7*a - a. Let p be b(3). Let n be (-752)/(-18) - (-2)/9. Calculate the greatest common divisor of n and p.
6
Let n be 0 - -2 - (3 - (8 + -1)). Let h be ((-8)/n)/(5 + (-4645)/930). Let q be 6/21 + h/(-14). What is the greatest common divisor of q and 126?
18
Suppose -u + f = -2*f + 103, 210 = -2*u + 2*f. Suppose 6*a - 41 = -587. Let y = a - u. What is the greatest common factor of y and 105?
15
Let n be (-109854)/(-918) + (-5)/3. What is the greatest common divisor of n and 14986?
118
Let x = 30128 + -29533. Calculate the highest common divisor of x and 1085.
35
Let a(k) = 5*k**2 + 297*k + 1189. Let z be a(-4). Calculate the greatest common factor of z and 720.
9
Suppose -305*p = -306*p - 5*y + 316, -3*y = -4*p + 1034. Let x = -5 - -19. What is the highest common divisor of p and x?
14
Let c = 752 + 1954. Calculate the greatest common divisor of c and 66.
66
Let z(w) = -8*w + 50. Let y be z(6). Let m be ((-98)/21 - -6)/(y/12). What is the highest common divisor of 16 and m?
8
Suppose 16*d = 12*d + 12. Suppose 0 = l - 2*m - 46, -d*l - 3*m + 88 = m. What is the greatest common factor of 27 and l?
9
Suppose 2*o + 4*r = 176, -174 = -2*o - r - 2*r. Suppose -47*i = -48*i - 5*h - 13, 0 = -5*h - 25. What is the greatest common divisor of o and i?
12
Let p(h) = 2 - 11 - 3*h**3 + 6. Let r be p(-2). Calculate the highest common divisor of r and 112.
7
Let k(d) = -d**2 + 16*d - 12. Let m be k(15). Suppose 4*r - r = -m*q + 402, 4*q - 522 = 3*r. What is the greatest common factor of q and 12?
12
Let b be 819/54*(-9 + -1 + 40). What is the greatest common divisor of b and 1470?
35
Suppose 2*p + 5*d - 29 = 40, -d = -p + 45. Calculate the greatest common factor of 434 and p.
14
Suppose -3*l = m - 55, 0 = 2*l + 7*m - 2*m - 15. Let c = -2338 - -2418. Calculate the greatest common divisor of l and c.
20
Suppose 58*g - 5500 = 8*g. Calculate the greatest common divisor of 935 and g.
55
Suppose 5 = -6*k + 17. Suppose l - 6 = n, 14 - 4 = -k*n. Su